en c is divided by 12?
9
Let z be 9/6*(-1040)/30. Let y = z - -75. Let r = 18 - 6. Calculate the remainder when y is divided by r.
11
Let a(s) = -3*s + 13. Let w be a(6). Let l = 10 + w. Suppose -l*q = -14 - 36. Calculate the remainder when 27 is divided by q.
7
Suppose -2*o + 4*o - 136 = -4*b, -2*o - 3*b + 136 = 0. Let h = o - 42. Let s = 61 + 38. Calculate the remainder when s is divided by h.
21
Let w(v) = -v**2 - 7*v + 11. Let r be w(-9). Let m = r + 5. Let q(o) = 2*o**2 - 3*o - 1. What is the remainder when 23 is divided by q(m)?
10
Let x(j) = -2*j**2 - 4*j + 1. Let m be x(-3). Let u = 118 - 90. Calculate the remainder when u is divided by (m/2)/(9/(-36)).
8
Let y(i) = i**2 + 3*i - 6. Let c be y(5). Suppose k = -k - c. Let n = k - -47. What is the remainder when n is divided by 16?
14
Let y be 0/(-1)*(-1)/3. Suppose -4*z - x + 50 = 0, z + 0*z - x - 15 = y. Calculate the remainder when 51 is divided by z.
12
What is the remainder when ((-6)/8)/(36/(-2832)) is divided by 31?
28
Let y(b) = 49*b - 77. What is the remainder when y(16) is divided by 71?
68
Let t = -345 + 579. Calculate the remainder when t is divided by 60.
54
Let w be (4 - (2 - 1))/(1/2). Suppose -5*s = -w*s + 11. What is the remainder when 19 is divided by s?
8
Let l(y) = -y**2 + 2*y + 4. Let a be l(3). Let q(h) = -3*h**3 - h**2 + h + 1. Calculate the remainder when 1/1 + (2 - a) is divided by q(-1).
0
Let q = 1031 - 1006. Suppose -88 = 5*c - 453. What is the remainder when c is divided by q?
23
Let o be (-17 - 2)*(2 + 5/5). Let a = -35 - o. Calculate the remainder when 87 is divided by a.
21
Calculate the remainder when -15*1*(-3 + -3) is divided by 13.
12
Calculate the remainder when (1 + -2)/((-15)/1455) is divided by 17.
12
Let r(w) = 11*w**2 - 85*w + 33. Calculate the remainder when 209 is divided by r(8).
38
Suppose -1 = -j - 0. Let x(v) = 3*v**3 + v**2 - 1. Suppose 0 = c + 4*m + m - 9, 2*c - 5*m = 3. Calculate the remainder when c is divided by x(j).
1
Let m = 28 - 40. Calculate the remainder when 72 is divided by 0 - (m/3 + -22).
20
Suppose 5*i + 17*i - 245 = -13*i. Suppose 4*k + 1 = 89. Calculate the remainder when k is divided by i.
1
Let s(n) = n**3 - n**2 - n - 24. Let h be s(0). Let f = h - -50. Suppose -5*g + 8*o = 4*o - 78, 6 = g + 4*o. What is the remainder when f is divided by g?
12
Let a(q) = 6*q**2 - 57*q + 34. Calculate the remainder when a(13) is divided by 102.
1
Suppose 0 = -4*o + 12. Calculate the remainder when 24 is divided by (-33)/(-9)*o + -2.
6
Let a be 16*2 + -2 + 0. Let l = 69 + -58. What is the remainder when a - 2/(-1 + 0) is divided by l?
10
Let g = 2 + 3. Let a = -93 - -93. Suppose 9 = -m + 4*z, a = -5*m + z + z + 45. Calculate the remainder when m is divided by g.
1
Let i(z) = z**3 + 9*z**2 + 4*z - 11. Suppose -50 = 5*y - 2*l, 0 = 6*y - 2*y - 5*l + 57. What is the remainder when 54 is divided by i(y)?
12
Suppose u = -5*l + 4*u + 190, 3*u = 0. Let r(s) = s**3 - 4*s**2 - 3*s + 4. Calculate the remainder when l is divided by r(5).
10
Suppose -2*h + 24 + 36 = 4*b, 2*b + 42 = h. Suppose -3*z + h = -2*v, 3*z - 23 = 5*v + 22. Calculate the remainder when 15 is divided by z.
5
Suppose 5*s - 56 - 209 = 0. Let i(m) = -6*m**2 - 80*m + 60. What is the remainder when i(-12) is divided by s?
50
Let v(a) = -2*a + 3*a + 2*a - 5. What is the remainder when (26 - 1) + (-8)/(40/(-15)) is divided by v(5)?
8
Let h = 469 - 237. What is the remainder when h is divided by 82?
68
Let g = 838 + -546. Calculate the remainder when g is divided by 27.
22
Let b(z) = 7 - z**2 - 6 + 4*z + z. Let q be b(4). Suppose -3 = -3*n, q*n + 110 = -3*a + 8*a. Calculate the remainder when a is divided by 12.
11
Suppose 0 = 2*k, k = -5*r + 6977 - 1697. Calculate the remainder when r is divided by 46.
44
Let w(v) = -26*v - 263. Calculate the remainder when w(-15) is divided by 13.
10
Suppose 230 = 4*s - 678. Calculate the remainder when s is divided by 7.
3
Let w = 2048 + -2023. Let h = 80 + -38. Calculate the remainder when h is divided by w.
17
Suppose 2*h + 3*h - 10 = 0. Let r = -102 + 105. Suppose -21 = -h*p - r. What is the remainder when 33 is divided by p?
6
Let v = 144 + -141. Suppose -35 = -v*g + 40. Calculate the remainder when 197 is divided by g.
22
Suppose -3*s - 5*s + 32 = 0. Suppose -3*p - 96 = -s*c, -3*c + c - 4*p = -48. Calculate the remainder when 45 is divided by c.
21
Let z = 73 - -350. Calculate the remainder when z is divided by 71.
68
Let k = 52 + -30. Calculate the remainder when k is divided by 9.
4
Let a(i) = -2*i - 1 - 2*i**2 + 3*i**2 + 6*i**2. Suppose -3*q - 65 = -5*l - 6*q, -q = -l + 13. Calculate the remainder when a(2) is divided by l.
10
Suppose -16*b = -8874 - 8790. What is the remainder when b is divided by 65?
64
Let s(z) = -20*z**3 - 2*z**2 - 3*z - 2. Let m be s(-1). Let d = m + -3. Calculate the remainder when 29 is divided by d.
13
Let y = -158 - -176. Let v = -14 + 18. Calculate the remainder when y is divided by v.
2
Suppose -66 = -28*y - 6*y + 23*y. Let j = -19 + 42. What is the remainder when j is divided by y?
5
Calculate the remainder when 126 is divided by (-6)/(-15) + (219/15 - -4).
12
Suppose -5*a = -2*c + 35, -5*c + 79 = -3*a - a. Let b be ((-18)/(-2 + 5))/2. What is the remainder when c is divided by (-8)/(-8)*b/(3/(-8))?
7
Let h(a) = -21*a + 1. Let l be h(2). Let p = -28 - l. Let f(v) = -15*v - 8. What is the remainder when f(-3) is divided by p?
11
Suppose 4*n - 100 = 3*n. Let l = n - 38. Let v(g) = -g**3 - 17*g**2 - 18*g - 16. Calculate the remainder when l is divided by v(-16).
14
Suppose o + 5*w = 6, -10*o + 3*w + 24 = -6*o. Calculate the remainder when o is divided by 4.
2
Let d = 32 - -35. Suppose 0 = -0*w + 4*w - 16. Let u(p) = p**2 + 4*p - 9. What is the remainder when d is divided by u(w)?
21
Let z(t) = -3*t - 195. Let b be z(0). Let m = b + 331. What is the remainder when m is divided by 35?
31
Suppose 2*n - 16 = -4*w, -5*n + 35 = 3*w + 9. Suppose -k = -4*z + 194, 0 = -w*z + 5*k + 83 + 23. What is the remainder when z is divided by 13?
9
Let v = 1 + -3. Calculate the remainder when v/5 + (-574)/(-35) is divided by 3/6 + 45/10.
1
Let d(j) = 3*j**2 - 9*j + 1. Let c be d(6). Let n = c + -38. Let p(h) = -43*h + 6. Calculate the remainder when p(-1) is divided by n.
15
Suppose -12*h + 272 = -10*h. What is the remainder when h is divided by 29?
20
Suppose -8*s + 27 = -5*s. What is the remainder when 72 is divided by s?
0
Suppose 4*u = -4*t + 116, -u + 4*t + 11 = 2. Let m(y) be the third derivative of 41*y**4/8 + y**3/6 + 4*y**2. Calculate the remainder when m(1) is divided by u.
24
What is the remainder when 594 is divided by 4*((-30)/24 - -7)?
19
Suppose -44*y = -39*y - 420. Let t be 5/(10/(-3))*24. Calculate the remainder when y is divided by (99/t)/((-1)/8).
18
Let z(j) = 101*j**2 + j + 1. Let a be (-1 - -1 - 0) + 5. Suppose -a*p + 46 = -84. What is the remainder when z(-1) is divided by p?
23
Let c(j) = j**3 + 23*j**2 + 48*j + 10. What is the remainder when c(-20) is divided by 18?
16
Let f(q) = -q**3 - 4*q**2 + 17*q. Let o = 38 - 45. Calculate the remainder when 110 is divided by f(o).
26
Let m(t) = 6*t**2 - 11*t - 26. What is the remainder when 107 is divided by m(-2)?
7
Suppose 0 - 10 = -5*v, 0 = -l + 3*v. Let f(y) = -y**3 + 10*y**2 - 9*y - 12. What is the remainder when f(l) is divided by 40?
38
Suppose 63 = -5*o + 483. What is the remainder when o is divided by 29?
26
Suppose 4*a - 4*s - 12 = 0, -a - 4*s + 7 - 9 = 0. Suppose w - 4*d - 64 = -3*w, -4 = d. What is the remainder when w is divided by a?
0
Suppose -129 = -15*j - 9. Suppose -7*h - 45 = -j*h. Let p(y) = 2*y**3 - 2*y**2 + y + 2. Calculate the remainder when h is divided by p(2).
9
Let x = 53 - 2. Suppose -4*k + x = -65. Calculate the remainder when 110 is divided by k.
23
Suppose -m + 9*m + 240 = 0. Let w = 63 - 40. Calculate the remainder when -1*((-48)/m)/(6/(-255)) is divided by w.
22
Suppose -25*r = -26*r - 24. Let n = -1 + -9. Let j = n - r. What is the remainder when 67 is divided by j?
11
Let g(w) = -33*w**3 + 2*w**2 - 30*w - 31. What is the remainder when 289 is divided by g(-1)?
17
What is the remainder when (26 - 1) + (1 - -8) + -8 is divided by 26?
0
Let t(o) = -2*o**3 - 58*o**2 - 2*o - 33. What is the remainder when t(-29) is divided by 7?
4
Let f(t